0.
2, 3, 5, 11, 211, 16057
List the prime factors of 25384739.
25384739
List the prime factors of 2370758935.
5, 474151787
What are the prime factors of 5012544194?
2, 7, 31, 71, 162671
What are the prime factors of 112905626?
2, 3083, 18311
What are the prime factors of 4649208717?
3, 857, 1808327
List the prime factors of 7296289.
7, 11, 13, 37, 197
What are the prime factors of 114976995?
3, 5, 7, 79, 83, 167
What are the prime factors of 284929301?
19, 1381, 10859
What are the prime factors of 433761269?
31, 409, 34211
What are the prime factors of 4072880618?
2, 23, 88540883
List the prime factors of 63503975.
5, 173, 14683
What are the prime factors of 32182239?
3, 10727413
What are the prime factors of 1201646140?
2, 5, 2027, 29641
What are the prime factors of 602168805?
3, 5, 7, 19, 100613
What are the prime factors of 1351924487?
1351924487
What are the prime factors of 2265180424?
2, 13, 761, 28621
What are the prime factors of 105604762?
2, 4327, 12203
What are the prime factors of 436819955?
5, 11, 13, 73, 8369
List the prime factors of 476689739.
41, 3371, 3449
List the prime factors of 379609693.
41, 103, 89891
What are the prime factors of 727293956?
2, 347, 523987
What are the prime factors of 547129501?
2633, 207797
What are the prime factors of 60400702?
2, 1607, 18793
What are the prime factors of 30311723?
13, 23, 101377
What are the prime factors of 120015434?
2, 7, 11, 619, 1259
List the prime factors of 244696495.
5, 53, 461, 2003
What are the prime factors of 282487409?
6269, 45061
List the prime factors of 150998394.
2, 3, 167, 150697
What are the prime factors of 68130282?
2, 3, 11, 941, 1097
What are the prime factors of 12938275?
5, 7, 17, 4349
What are the prime factors of 3802341008?
2, 237646313
List the prime factors of 117215795.
5, 23443159
What are the prime factors of 304991675?
5, 331, 36857
List the prime factors of 177691985.
5, 269, 132113
List the prime factors of 398120611.
7, 73, 779101
List the prime factors of 7865857396.
2, 47, 41839667
What are the prime factors of 37718292?
2, 3, 137, 22943
List the prime factors of 86839268.
2, 47, 59, 7829
List the prime factors of 417857385.
3, 5, 11, 191, 13259
List the prime factors of 130859549.
130859549
What are the prime factors of 48106566?
2, 3, 17, 157211
What are the prime factors of 38885016?
2, 3, 1620209
What are the prime factors of 1874791371?
3, 31, 20159047
List the prime factors of 1417785454.
2, 109, 6503603
List the prime factors of 44398012.
2, 11099503
List the prime factors of 201263168.
2, 3144737
List the prime factors of 20420467.
1549, 13183
List the prime factors of 323695889.
11, 59, 498761
What are the prime factors of 189395599?
373, 397, 1279
What are the prime factors of 201722981?
19, 10616999
List the prime factors of 2883475945.
5, 7, 29, 127, 22369
List the prime factors of 1965561254.
2, 163, 6029329
What are the prime factors of 4472260355?
5, 541, 1653331
What are the prime factors of 62352051?
3, 20784017
What are the prime factors of 102380078?
2, 1777, 28807
What are the prime factors of 538104017?
11, 48918547
List the prime factors of 224264336.
2, 89, 157489
What are the prime factors of 362745253?
13, 29, 163, 5903
What are the prime factors of 23535147?
3, 43, 182443
List the prime factors of 45170213.
11, 4106383
What are the prime factors of 21823794?
2, 3, 1212433
List the prime factors of 16840530.
2, 3, 5, 7, 26731
List the prime factors of 5276855056.
2, 11, 29982131
What are the prime factors of 1935377020?
2, 5, 1013, 95527
What are the prime factors of 46396647?
3, 11, 468653
List the prime factors of 1787863387.
19, 443, 212411
List the prime factors of 668819831.
17, 39342343
What are the prime factors of 4387751100?
2, 3, 5, 227, 7159
What are the prime factors of 288418952?
2, 103, 571, 613
List the prime factors of 11171583.
3, 23, 29, 1861
What are the prime factors of 313792082?
2, 23, 6821567
What are the prime factors of 340157102?
2, 170078551
What are the prime factors of 678585?
3, 5, 19, 2381
What are the prime factors of 419797794?
2, 3, 13, 23, 29, 8069
What are the prime factors of 3073278953?
2267, 1355659
What are the prime factors of 2269678503?
3, 43, 17594407
What are the prime factors of 58168303?
107, 139, 3911
List the prime factors of 256475257.
8263, 31039
What are the prime factors of 722533655?
5, 257, 562283
What are the prime factors of 5429713180?
2, 5, 379, 716321
List the prime factors of 1099781190.
2, 3, 5, 12219791
List the prime factors of 124616039.
241, 517079
What are the prime factors of 469558278?
2, 3, 7, 532379
What are the prime factors of 81001232?
2, 13, 151, 2579
List the prime factors of 420830053.
7, 17, 31, 114077
What are the prime factors of 2248012917?
3, 3989, 62617
What are the prime factors of 17656508?
2, 4414127
List the prime factors of 309880662.
2, 3, 7, 13, 97, 5851
List the prime factors of 1783390630.
2, 5, 7, 31, 307, 2677
What are the prime factors of 109836708?
2, 3, 313, 29243
What are the prime factors of 163495011?
3, 29, 1879253
What are the prime factors of 181879692?
2, 3, 223, 67967
List the prime factors of 576808851.
3, 97, 131, 15131
What are the prime factors of 1057786871?
1057786871
List the prime factors of 31648930.
2, 5, 3164893
What are the prime factors of 2798791439?
43, 3833, 16981
List the prime factors of 1609135463.
13, 191, 648061
List the prime factors of 2868188906.
2, 11, 4993, 26111
What are the prime factors of 2094443297?
31, 389, 173683
What are the prime factors of 38568255?
3, 5, 11, 233747
List the prime factors of 157667472.
2, 3, 19, 337
What are the prime factors of 1198795722?
2, 3, 199799287
List the prime factors of 105044231.
269, 390499
List the prime factors of 278369635.
5, 101, 157, 3511
List the prime factors of 722953756.
2, 7, 23, 1122599
List the prime factors of 43651278.
2, 3, 11, 43, 1709
What are the prime factors of 3781738135?
5, 7, 1753, 61637
What are the prime factors of 7738095?
3, 5, 515873
What are the prime factors of 29810390?
2, 5, 2981039
What are the prime factors of 267092408?
2, 11, 1291, 2351
List the prime factors of 1281034724.
2, 251, 1275931
What are the prime factors of 53397992?
2, 6674749
List the prime factors of 27012337.
11, 17, 144451
List the prime factors of 21434867.
47, 456061
What are the prime factors of 47135667?
3, 233, 67433
What are the prime factors of 275942698?
2, 53, 2603233
List the prime factors of 5771806994.
2, 113, 25538969
List the prime factors of 84472641.
3, 11, 77569
What are the prime factors of 1638271157?
39373, 41609
List the prime factors of 1364542.
2, 19, 149, 241
What are the prime factors of 1234949145?
3, 5, 82329943
What are the prime factors of 927278406?
2, 3, 1327, 38821
List the prime factors of 265221115.
5, 53044223
List the prime factors of 48090119.
7, 11, 8111
List the prime factors of 3352832551.
3352832551
List the prime factors of 408370569.
3, 136123523
What are the prime factors of 3218474327?
227, 14178301
List the prime factors of 19321489.
11, 1756499
What are the prime factors of 705607455?
3, 5, 7, 23, 157, 1861
What are the prime factors of 109792366?
2, 54896183
List the prime factors of 246943869.
3, 82314623
What are the prime factors of 26789747?
26789747
What are the prime factors of 85433654?
2, 42716827
List the prime factors of 23987031.
3, 29, 293, 941
List the prime factors of 108315793.
108315793
List the prime factors of 3864529.
23, 168023
What are the prime factors of 46108009?
61, 755869
List the prime factors of 11691282.
2, 3, 599, 3253
What are the prime factors of 75034815?
3, 5, 5002321
List the prime factors of 22555268.
2, 5638817
What are the prime factors of 175930533?
3, 19547837
What are the prime factors of 26219622?
2, 3, 11, 13, 30559
What are the prime factors of 65698084?
2, 16424521
List the prime factors of 5182861911.
3, 1727620637
List the prime factors of 1333959706.
2, 17, 39234109
List the prime factors of 22930455.
3, 5, 1528697
List the prime factors of 123134825.
5, 11, 17, 26339
What are the prime factors of 88890248?
2, 769, 14449
List the prime factors of 338057838.
2, 3, 71, 83, 3187
List the prime factors of 116469048.
2, 3, 67, 72431
What are the prime 